4 - 1).
14
Evaluate -15 - (8 - (18 - 12)).
-17
(-29 - 1) + 30 - (13 - 1)
-12
Evaluate -6 - (43 + -45 + -7 + 1).
2
Evaluate 2 + (-3 - ((-1 - -7) + 6)).
-13
What is the value of -11 + (-6 - 0) - -12?
-5
What is 7 - ((3 - -7) + -3 - (0 - -6))?
6
-2 - ((1 - -6) + (8 - 13 - -11))
-15
Calculate 9 + (-6 - -19) + (-37 - -9).
-6
Evaluate 2 + 23 + 30 + (14 - 57).
12
Calculate 28 + 14 + -35 + -19.
-12
What is the value of (19 - (10 + -2) - 15) + (10 - 1)?
5
What is -47 - -46 - (-4 - 13 - (1 + -3))?
14
What is 4 + (30 - -20 - 9 - 10)?
35
Calculate (-1 - -4) + (60 + -87 - -19).
-5
What is the value of (-13 + -25 - -16) + 39?
17
-1 - (-1 - 3 - -8)
-5
Evaluate 4 + (-2 - -1) + -98 + 87.
-8
Evaluate 360 + -372 + (1 - (17 - 4)).
-24
Calculate -33 - (-25 + 49 + -29).
-28
(12 + -9 - 13 - -6) + -4
-8
(-16 - -23) + (1 - -2) + 8
18
What is 1 - 14 - (-337 + 326)?
-2
Calculate 1 + -5 + -8 + 2 + -26 + 30.
-6
Evaluate 8 + -1 + (-20 + -10 - -15).
-8
Calculate -110 + 119 + (-3 - (16 + 1)).
-11
Evaluate -5 - (2 + -10) - (5 + 4).
-6
What is (0 - 1) + -8 + 16 - 20?
-13
Evaluate 5 - 4 - (-2 + -7 + 5 - 7).
12
Evaluate (-1 - 4) + (-3 + 0 + 2 - 6).
-12
What is the value of -14 + (-1 + -14 - (-150 - -132))?
-11
Calculate -14 + 3 - 22 - (-3 + -9).
-21
Calculate -9 + -8 + (7 - -9) - -11.
10
Evaluate (-15 - (-8 + -1) - -27) + -11.
10
Calculate -13 + (3 + 23 - 22).
-9
What is the value of -10 + (0 - -35) - (-26 - -23)?
28
Calculate (1 - 10) + (-20 - -36).
7
Evaluate 14 + (-6 - (-4 + 9)).
3
What is -57 + (-34 - -84) + -22?
-29
What is -17 + 4 + 27 + -19?
-5
Evaluate (7 - 0) + (-18 - (13 - (10 - -18))).
4
-14 + 12 - ((-18 - -17) + 14 + -1)
-14
What is the value of -16 + 9 + 9 + 8 + -44 + 3?
-31
Evaluate -36 - (-44 - (14 + -28)).
-6
3 - (23 + -16 - -9)
-13
Evaluate -23 - -38 - -4 - 41.
-22
Evaluate (3 - (-7 - -3)) + (7 + -19 - -5).
0
Evaluate -2 + (23 + -8 - 11).
2
Evaluate -8 + 7 + (15 - 28 - -46).
32
What is 7 + -4 - 14 - (-8 - -10)?
-13
(16 - (8 - 10 - -7)) + (-32 - 0)
-21
Evaluate (0 - 50) + (6 - (-31 - -20)).
-33
(7 - -1) + -27 + 0 + 25
6
What is the value of (-8 - 2) + (-10 - -17 - 22)?
-25
Calculate 5 + -33 + (-1 - (-7 + 1)) + 5.
-18
(-6 - (4 - 1)) + (-7 - -6)
-10
What is the value of (-6 - 4) + -1 - (-13 + 3)?
-1
Calculate 59 + -19 + (-9 - (9 - 11)) + 0.
33
Evaluate 2 - (2 + 12) - -7.
-5
What is 23 + -18 + (5 - (-10 - -5 - -21))?
-6
What is (-1 - -5 - 2) + 7 + -1538 + 1532?
3
What is -11 + (5 - (-11 + 7) - 3) + -6?
-11
-25 + 29 - ((-1 - -6) + 4 + -3)
-2
-8 + 2 + 2 - (12 + -11 + 6)
-11
What is the value of -34 - (-41 - (-4 - 9))?
-6
-13 + 4 + 5 + 6
2
What is -1 - ((10 - 6) + -4 - -17 - 6)?
-12
Calculate 6 - (-8 + -3 + (4 - -4) + 9).
0
Calculate (34 - 22) + (3 - (11 - 8)).
12
Calculate (71 - 12) + -32 - (1 - -12).
14
Calculate 13 - (-10 + (1 - -13)) - 24.
-15
What is 10 - (7 + -23 - (-54 - -11))?
-17
What is the value of (114 - 100) + -4 + 0 - -2?
12
What is the value of 4 + (-13 - -15) + -9?
-3
What is 12 - (2 - (0 + 2) - -3 - -2)?
7
Evaluate -6 - (-9 - -3) - (3 + -24) - 5.
16
Evaluate -15 - (-11 - (-8 - (1 - (-17 - -12)))).
-18
Evaluate -3 - -10 - (-7 - -9) - -11.
16
3 - (7 - 1 - -1 - -7)
-11
Evaluate -2 + -10 - ((-23 - (-42 - -7)) + -20).
-4
What is the value of -42 + (51 - 19) - (8 + -1)?
-17
What is 2 + (-8 + 45 - 18) + (0 - -2)?
23
Calculate -6 + -1 + 18 + 3 - (-1 + 5).
10
Calculate 2 - (12 + -12 + 13 + -11).
0
Evaluate (32 - 3) + 43 + -61 + -34.
-23
What is the value of -10 + 6 + (10 - 7 - 4)?
-5
What is (5 + -1 - ((7 - 24) + 50)) + -6?
-35
Evaluate 1 + -8 - (1 + -9) - (-1 + -22).
24
-2 + -23 - (-96 - -86)
-15
Calculate -33 + 28 - (0 - 1 - 0).
-4
Evaluate 9 - -6 - 8 - 7.
0
Calculate -9 - (-3 + 1 + -4 - -4 - -1).
-8
Calculate 21 + -4 + -8 + 19.
28
What is the value of 32 - (1 - -20) - (-4 + -1)?
16
Calculate 1 + -55 + (260 - 245) - 0.
-39
-22 - (-42 - -8) - (-4 - -21)
-5
What is 4 + 23 + -21 + -8 + 0 + 0?
-2
What is 1 + (-2 - 4) - 8 - -5 - -5?
-3
What is 7 + 13 + -12 + 28 + -2?
34
What is -8 + (-2 - 10) + 104 + -100?
-16
What is the value of (0 - -32 - 59) + 9?
-18
Calculate 19 - 4 - -3 - 2.
16
Calculate (12 - (2 + -2)) + -4 + 2 + -25.
-15
Evaluate 1 + 4 - (6 + 2 + 1 + -3).
-1
Evaluate 0 - 14 - (27 + 16 + -37).
-20
Calculate -10 - (-18 + 42 + -27).
-7
(24 - 0) + -41 - -7
-10
8 + 16 + (-14 - -3) + -48
-35
What is the value of 37 - (11 - (4 + -11 - -5))?
24
Calculate (4 - -3) + (-5 + 1 - -9).
12
What is the value of 218 + -199 - (1 + 9)?
9
What is the value of (-23 + 7 - 3) + 18?
-1
What is the value of -9 - (2 + 5 + -21)?
5
Calculate -147 + 158 + (1 - -1).
13
What is 87 - 101 - (-1 - 9)?
-4
What is -20 - (-20 + (-4 - -16) - -13)?
-25
Calculate (-5 - (-2 - -5)) + 0 - -10.
2
What is 5 - (13 - (7 + 5))?
4
-5 + 1 - (11 - 16) - (8 - 0)
-7
-5 + -2 + (-1 - 3 - -4) + 17
10
What is the value of 99 + -100 - (0 + 0 - (2 + 4))?
5
What is the value of -23 - (-26 + 11 + -10)?
2
Evaluate 0 + -5 + (5 + 2 - (14 + -3)).
-9
Evaluate 2 + 3 + (-9 - -15) + 0 + -4.
7
Calculate -10 + (2 + -2 - -19) + (-1 - -8).
16
-4 - (4 + -3) - (10 - 10) - -23
18
25 - (5 + 7) - 1
12
Calculate (2 - (6 + -6 + 10)) + 16.
8
What is -5 + -10 + (-16 + 12 - -19)?
0
4 + 2 - (6 - (8 - 12))
-4
16 - (-2 + 18) - 12
-12
What is the value of (-20 - (-4 - (1 + 14 - 7))) + -4?
-12
Evaluate -7 + 20 + (-6 - ((-6 - -11) + -7)).
9
(-162 - -143) + (15 - -1)
-3
What is 1 + -6 - (-29 + 14)?
10
What is (-16 - 0) + (217 - 228)?
-27
-3 + -2 + (-7 - 6) + 8
-10
1 + 3 + 103 + -119
-12
Evaluate 25 + -2 - (22 - 5).
6
What is (21 + -25 - -7) + (-2 - (21 - 0))?
-20
What is the value of (412 - 401) + -16 + -1?
-6
What is the value of 119 + -133 - (2 + -1 + (-1 - 1))?
-13
What is the value of (5 - -1) + 7 + -25 - -25?
13
What is the value of -12 + (2 - 13) + 34?
11
Calculate -80 + 56 - (8 - 8).
-24
Calculate 3 - (2 + -3) - (-40 + 39).
5
Evaluate (0 + 2 - -9) + (-144 - -115).
-18
Evaluate (0 - (-5 - -2)) + (-21 - (31 + -34)).
-15
What is the value of 4 + (0 - -1) - (49 - (46 + 5))?
7
Evaluate (-10 + 22 - 16) + 5 + -13.
-12
What is (-6 - (0 + -1) - 2) + -29 + 40?
4
8 - (-7 + (6 - 3)) - (-9 - 4)
25
Evaluate 136 - 136 - (-1 + 2 + -4 + -1).
4
Calculate (-3 - 4 - -14) + -7 + -20.
-20
What is -21 - (-7 - (11 - 8) - (-4 - 5))?
-20
Evaluate -3 + 6 - (-7 + 3 - (8 - 9)).
6
Evaluate -41 - (16 + -25 + (-3 - (-4 + -4))).
-37
Evaluate (-217 - -220) + 0 + -3 + -6 + 2.
-4
-2 + (-1 - (-2 + 2)) - (-368 + 361)
4
Calculate 5 + (1 - -2) - ((-6 - 3) + 6).
11
6 + -13 - (-5 - -1 - (4 - 5))
-4
What is (-8 - -8) + -9 + 3 + -13 + 19?
0
What is the value of (8 - 11 - -10) + -2 + 0?
5
(3 - -6) + -32 + (2 - -3)
-18
Calculate 1 - 23 - (-586 - -564).
0
What is -4 - (-3 - (6 - -1)) - 1 - -1?
6
Evaluate -3 + 1 + -1 - (-130 - -138).
-11
Evaluate 16 - (55 + (8 - 20)).
-27
(-77 - -98) + (2 - 12)
11
Calculate 17 - 19 - (-16 - 4 - -1).
17
What is the value of 14 + 0 + -5 - 27 - -4?
-14
What is -37 + 30 + 37 - (-3 + 6)?
27
Evaluate 1 + 1 - (37 + -95 + 41).
19
Evaluate 7 + -4 + -9 + 8 + 6.
8
Calculate (3 - 2) + -5 + -105 + 101.
-8
Evaluate 17 + -32 - (21 - 5) - (6 - 2).
-35
-21 + (-16 - -30) + 6
-1
What is 2 + -18 + 7 + (11 - 8) + -1?
-7
Calculate (-4 - -7) + (6 - (-1 - -8)) + 14.
16
What is the value of -125 - -107 - (1 - 26)?
7
Calculate -2 - ((0 - 2) + -54 + 48).
6
Evaluate -2 + -2 - (-28 + 10 + 10).
4
What is (0 - 8) + 279 + -274?
-3
Evaluate (-7 - 1) + -58 + 53 + 9.
-4
What is the value of -20 + 1 - (-16 + -12)?
9
What is the value of (8 - (-9 + 8)) + -17 + -4 + -1?
-13
What is the value of 13 + (-7 - (8 + -12 + -1))?
11
Calculate (15 - 0) + -664 + 665.
16
What is 25 + (19 + -29 - 8)?
7
Evaluate 27 - (-28 - -69) - 3.
-17
-19 - ((-3 - (7 - 3)) + (120 - 115))
-17
Evaluate (1 - (-3 - 2)) + (-7 + -6 - -15).
8
What is -9 + (-3 - (6 + -15))?
-3
(0 - (-4 - -10)) + (3 - 12) + 0
-15
Calculate (-5 + 1 - -1) + (1 - 3) + -5.
-10
-40 + 65 + -2 + -30
-7
What is -4 + (-1 - (-15 + 0)) + -3?
7
Calculate -93 + 89 + (0 - 6) - -43.
33
Calculate -16 - (31 - (51 - 25)).
-21
28 + -9 + -11 + -2
6
Calculate 2 + 6 + 63 + -66.
5
(-12 - (7 + -18)) + 0 - (-4 - 1)
4
What is -1 + -20 - (14 - 30)?
-5
(2 - 38) + (438 - 439 - (-5 + -2))
-30
43 - -2 - (1410 + -1339)
-26
What is the value of -5 + 40 + -41 + (1 - -13)?
8
Calculate -2 + -3 + (22 + -37 - (-10 + 13)).
-23
Evaluate -12 + 5 - (-27 + (14 - (9 - 4))).
11
1